- 32*h - 1. Let o(g) = 4*g**2 + 3. Calculate the remainder when o(3) is divided by s(-16).
7
Suppose -12 = -3*z, -3*z = 2*t - 1898 - 1448. What is the remainder when t is divided by 76?
71
Suppose -24*y = -19*y - 15. Suppose y*s = 41 + 64. What is the remainder when 243 is divided by s?
33
Let p(m) = 2*m**2 - 25*m + 24. Let g be p(11). Let i = g + 13. Suppose -f - i*d + 44 = 3, -4*d + 147 = 3*f. Calculate the remainder when f is divided by 19.
15
Suppose 2*i - 1288 = -4*j, -4*j + 1366 = -4*i + 54. Let o = j + -314. What is the remainder when 132 is divided by o?
2
Suppose 5*z + 20 = 2*l, 15 = 4*z + 7. Suppose -26*d + 21*d + l = 0. Calculate the remainder when 651/15 + d/5 is divided by 23.
21
Let o(l) = 2*l**2 - 76*l + 454. What is the remainder when o(32) is divided by 63?
7
Let m = -16704 + 16716. Calculate the remainder when (1/3)/(2/138) is divided by m.
11
Let j(l) = 2*l + 8. Suppose 0 = 12*a - 13*a - 4. Let o be j(a). Calculate the remainder when (-1 + o)/(4/(-212)) is divided by 28.
25
Let q be 1/((-4)/64)*(0 - 1). Suppose -4*y - 3 + 17 = -2*v, -2*y + q = 2*v. Suppose -47 = y*w - 6*w. Calculate the remainder when 185 is divided by w.
44
Let x(c) = -c**3 + 88*c - 4 - 8*c**2 - 89*c + 8. Let q be x(-7). Let s = -20 - q. Calculate the remainder when 197 is divided by s.
17
Let k be (1*610 + 0)/(-5 - -4). Let x = k + 620. What is the remainder when x is divided by (-44)/(-6) - 1/3?
3
Let c be ((-12)/16)/(2/208). Let a = 74 + c. Calculate the remainder when 30 is divided by ((-64)/(-20))/(a/(-10)).
6
Let n = 12 - -15. Let z be (((-44)/(-12))/11)/((-1)/(-78)). Let m(t) = -t**2 + 28*t. Calculate the remainder when m(z) is divided by n.
25
Let k be (42/(-24))/((-5)/240). Calculate the remainder when 76 is divided by ((-3)/(-21))/1 + 828/k.
6
Let r = 5128 - 5120. Calculate the remainder when 98 is divided by r.
2
Let z(p) = 5*p**2 + 25*p - 21. Calculate the remainder when z(-8) is divided by 35.
29
Suppose -5*s - 3*y + y = -70, -y - 7 = -s. Suppose 8*u + 76 = s*u. Suppose 3*m = -m + 8, -43 = -n - 4*m. Calculate the remainder when n is divided by u.
16
Let m(r) = -r**3 + 41*r**2 - 51*r + 2346. Calculate the remainder when 2797 is divided by m(41).
247
Let o be 1/((-24)/(-22) - 1). Suppose o = -2*q + 33. Suppose -5*l + q = -184. What is the remainder when 77 is divided by l?
38
Let n be 1/((-1)/2 - -1). Suppose -10 = -n*z - 34. Calculate the remainder when 59 is divided by (-198)/z + 1/(-2).
11
What is the remainder when 552 is divided by (26/195*-490)/((-2)/3)?
62
Let p be (-2)/(-13) + 5358/494. Suppose 0 = 5*z + n - 34, 5*z + 3*n - p - 21 = 0. What is the remainder when 23 is divided by z?
2
Let r(t) = 96*t**3 - 17*t**2 + t - 2. Calculate the remainder when 1164 is divided by r(1).
72
Calculate the remainder when 19947 is divided by 15/525*745 - 4/14.
18
Suppose 3*j + 42 = 4*j. Let w = -127 + 131. Calculate the remainder when j/4*(-40)/(-30) is divided by w.
2
Let k = -7 + 12. Suppose -3*o = -k*o + 78. Let q = -2283 + 2303. What is the remainder when o is divided by q?
19
Suppose 327 = 2*h + 247. Suppose -2*c = 2*s - 3*c - 58, -5*s = -4*c - 145. Let i = s + -17. Calculate the remainder when h is divided by i.
4
Suppose 358 = 54*k - 13 - 61. Calculate the remainder when 236 is divided by k.
4
Let m(g) = -g**2 + 10*g + 34. Let x be m(-3). Let j(h) = -354*h - 369. Calculate the remainder when j(x) is divided by 27.
24
Let p = 338938 - 338925. Let v(d) = -d**3 + 2*d**2 + d + 4. Let a be v(3). Let w = 38 + a. Calculate the remainder when w is divided by p.
10
Suppose 3*g - 8 = 7*g. Let o = -180 + 179. What is the remainder when ((-2)/(-2))/((g/214)/o) is divided by 18?
17
Suppose -29*u - 2130 = -32*u. Let r = u - 607. Calculate the remainder when r is divided by 29.
16
Suppose 2*i + 2*o = -2*i + 3922, -2*i + 2*o + 1976 = 0. What is the remainder when i is divided by 321?
20
Suppose 77*h - 4729 - 584 = 0. What is the remainder when 235 is divided by h?
28
Let v(w) = -11*w - 75. Let g be v(-7). Suppose -g*i = -7*i + 65. Calculate the remainder when 41 is divided by i.
2
Let z be ((-2)/(-4))/((-8)/(-192)). Let v = z - 5. What is the remainder when (-364)/(-9) + (-600)/1350 is divided by v?
5
Suppose -2*w - 4*l = -5710, -w + 889 = l - 1971. What is the remainder when (-7)/(-14) + w/10 is divided by 48?
47
Suppose 3*l - 9*c = -7*c - 6, 4*l = -2*c + 6. Suppose g + g = 20. Calculate the remainder when g is divided by l/(2/(-2) + 2) - -6.
4
Suppose 4*x + 10 = 54. Suppose -x*y = -151 + 8. Calculate the remainder when 270 is divided by y.
10
Suppose 5*n - n - 92 = 0. Suppose -24*b + n*b = -24. Suppose 0 = 3*x + 3*v - 357, 2*v + 581 = 5*x - 0*x. What is the remainder when x is divided by b?
21
Let q(m) = -2 + m**2 + 6*m**2 - 8*m**2 + 14*m. Let a be q(17). Let o = a - -59. Calculate the remainder when o is divided by 1.
0
Let q be (-4)/42 - (1 + 6117/(-63)). Suppose q = 18*j - 138. Calculate the remainder when 154 is divided by j.
11
What is the remainder when (-327 + -1)*(-39655)/1540 is divided by 96?
94
Let c(i) be the first derivative of i**3/3 - 6*i**2 + 27*i + 301. What is the remainder when 107 is divided by c(14)?
52
Let b = -1471 + 1797. Calculate the remainder when b is divided by 56.
46
Suppose 2*w + p + 19 = 6*w, 0 = -w + 3*p + 13. Calculate the remainder when 57 is divided by w.
1
Let k(g) = 3*g**2 - g - 3. Let o = -11 - -8. Let v = -112603 - -112681. Calculate the remainder when v is divided by k(o).
24
Let t be 3/4*27*12/9. Suppose 0 = -2*w - 5*s + 15, -44 = t*w - 31*w + 4*s. What is the remainder when 49 is divided by w?
9
Suppose 129224*c - 1512 = 129196*c. Let b(m) = 23*m**2 - 7*m - 1. What is the remainder when b(5) is divided by c?
53
Suppose -58 = 5*y - 4*y. Let h = y - -82. Suppose q + 5*v - 79 = 0, 0*q - v + 467 = 5*q. Calculate the remainder when q is divided by h.
22
Let v = 170 - 191. Let u(k) = k**3 + 19*k**2 - 43*k - 10. Calculate the remainder when 97 is divided by u(v).
9
Let j = -236 - -270. Suppose z = -m - 3*z + j, 17 = 3*m - 5*z. What is the remainder when 24 is divided by m?
10
Let v = 25688 - 25614. Calculate the remainder when 94 is divided by v.
20
Let f be (-6 - 112/(-21)) + 5/3. Let t(h) = 144*h**2 - 34*h + 32. What is the remainder when t(f) is divided by 24?
22
Let y(x) = -2*x**3 - 51*x**2 - 25*x - 7. Let i be y(-25). Calculate the remainder when 6168/42 - 1/i is divided by 19.
14
Let t be -3*2/(-4)*4. Suppose 3*u - 2*f = 78, -3*u - f = -t*f - 87. Calculate the remainder when u is divided by (-8)/(-4)*(1/(-2) + 4).
3
Suppose -44*m = -43*m - a - 19, -2*a + 53 = 5*m. What is the remainder when 697 is divided by m?
8
Let t(h) = 3*h**2 - 3*h - 4*h + 11*h - 10*h + 207. What is the remainder when t(10) is divided by 64?
63
Let s = -161 - -163. Suppose j = 5*u - 67, 57 = 5*u + 2*j + s*j. What is the remainder when 153 is divided by u?
10
Suppose -5*k + 298 = -3*q, -8*q + 6*q - 120 = -2*k. Calculate the remainder when k is divided by 12.
11
Let b be (-32)/144 + (0 - (-40)/18). Suppose 5*y = -b*y. Suppose 2*x - 3*x + 43 = y. What is the remainder when x is divided by 16?
11
Suppose -6467*j + 6487*j - 3719 = 7601. Calculate the remainder when j is divided by 284.
282
Suppose 732 = 15*h + 7077. Let c = -405 - h. What is the remainder when 81 is divided by c?
9
Let a be 1*0/(-2*(-2)/(-4)). Let y be ((a - 4)*1)/(-2). What is the remainder when 42 is divided by (-15)/(-10)*20/y?
12
Suppose -551 + 14967 + 7760 = 96*w. What is the remainder when 934 is divided by w?
10
Suppose -23*l + 7*l + 1008 = 0. What is the remainder when 224 is divided by 21/14 - l/(-2)?
26
Suppose 5*d - 20*d + 10830 = 0. Calculate the remainder when 4/(-10) + d/5 is divided by 37.
33
Let v(l) = -6*l - 205. What is the remainder when 352 is divided by v(-46)?
68
Let m(l) = -l**3 + 8*l**2 + 9*l + 13. Suppose 3*a = -5*n + 60, -2*n - 6*a = -2*a - 38. Calculate the remainder when m(n) is divided by 10.
3
Let n = 169 - 111. Let r(t) = 3*t**2 - 68*t + 392. What is the remainder when n is divided by r(13)?
13
Suppose -57 = 1418*a - 1437*a. Suppose 3*p = -r - 22, -2*r + 0*r + 6 = -4*p. Let g = 20 + r. What is the remainder when g is divided by a?
1
Suppose -12 - 1143 = -21*b. Suppose -115 = 19*j - 24*j. What is the remainder when b is divided by j?
9
Suppose 5*j - q -